 - 4*l - 7. Let o(p) = 19*p**2 + 3*p - 10. Let c(t) = -5*o(t) + 8*y(t). Determine c(2).
0
Let m(c) be the first derivative of c**4/4 - 4*c**3/3 - 3*c**2/2 - 4*c - 251. Calculate m(5).
6
Suppose -199*f + 980 = -37*f - 640. Let t(r) = -r**3 + 10*r**2 + 2*r - 24. Determine t(f).
-4
Let i be ((-1)/6)/((-10)/60). Let w(v) = 8 + 2*v**2 - 5*v - 2 + 2*v + v**3 - i. Give w(-4).
-15
Let g(m) = m**3 + 9*m**2 - m - 10. Let u be (-3 + (-16)/6)/(3/(-27)). Suppose 3*z = 4*n + 174, 0 = -2*n + 3*n + 3*z + u. Let a = n + 36. What is g(a)?
-1
Let k(z) = 16*z**3 + 4*z**2 - 2*z - 2. Suppose v + 18 = -o + 20, 6*o - 12 = -2*v. Give k(o).
138
Suppose 5*m + 16 = -d - 46, -28 = 4*d. Let i(j) = j**2 + 21*j + 114. What is i(m)?
4
Let g(d) = 44*d**2 - 3*d + 3. Let f be (33/22)/(18/12). Calculate g(f).
44
Let h(t) = -14*t - 322. Let z be h(-24). Let w(i) = -156*i + 10 - z*i**2 - 20*i**2 + 156*i + 33*i**2. Calculate w(4).
-6
Let a = 5161 + -5156. Let x(i) = 2*i**2 - 11*i + 7. Calculate x(a).
2
Let p(y) = 3*y**2 - 11*y - 2 + 3*y + 11*y. Let o = -884 - -886. What is p(o)?
16
Let i(v) = -v**2 - v. Suppose -11*d + 27 + 39 = 0. Let x(n) = -7*n**2 + n. Let a(m) = d*i(m) - x(m). Calculate a(8).
8
Let m(i) be the second derivative of -i**4/12 - i**3/6 + 3*i. Let k(l) = 33*l**2 - 6 - l**3 + 3 - 38*l**2 - l. Let a be k(-5). Give m(a).
-6
Let d(w) be the first derivative of 13*w**2/2 + 195*w + 40. Let g be d(-15). Let o(f) = -f**2 + 6. Determine o(g).
6
Let n(m) = 5*m**3 + 31*m**2 - 88*m + 89. Let o(g) = g**3 + 8*g**2 - 22*g + 21. Let l(q) = 2*n(q) - 9*o(q). What is l(8)?
37
Let g be 0 + -2 - (7 - 5). Let n(p) = 9*p**2 - 22*p - 9. Let j(i) = -5*i**2 + 11*i + 5. Let t(q) = g*n(q) - 7*j(q). Calculate t(9).
19
Let l(f) = 3*f + 520*f**2 + 3 - 11*f - 508*f**2 + 9*f**3. Let m(b) = 32*b**3 + 37*b**2 - 23*b + 8. Let h(t) = -7*l(t) + 2*m(t). Give h(9).
4
Let n(m) = -4*m**2 + 30*m + 7. Suppose 0 = 2*t + 8, -3*f + 3*t + 36 = -0*f. Determine n(f).
-9
Let v(d) = -10*d**2 - 12*d - 12. Let r = -21817 - -21816. Determine v(r).
-10
Suppose 0 = -5*q + 4*s - 41, -177*s + 172*s + 25 = -q. Let v(w) = 2*w**2 + 2*w - 7. What is v(q)?
33
Let h(y) be the third derivative of -y**5/60 + y**4/24 + 5*y**3/6 - 2*y**2. Let t = 3738 - 3742. Give h(t).
-15
Let f(n) = -n**2 - 8*n - 5. Let t(p) be the first derivative of 2*p**3/3 + 7*p**2/2 + 4*p + 47. Let y(d) = 5*f(d) + 6*t(d). Determine y(1).
8
Suppose -o + p + 37 = 31, -4*p - 6 = -2*o. Let d(c) = 10*c - 8. Determine d(o).
82
Suppose 9*w = 6*w + 9. Suppose 5*x + w = 18. Let u(h) = -x + 7*h - 5*h**2 + h**2 + 5*h**2. What is u(-6)?
-9
Let q(x) = 22*x - 186. Suppose 4*u - 23 = -5*j, -j - 13 = 141*u - 138*u. Calculate q(j).
56
Let o = -38 + 32. Let s(q) be the third derivative of -1/6*q**4 - 1/60*q**5 + 0 + 0*q + 5/6*q**3 - 4*q**2. Determine s(o).
-7
Suppose -132*m = -143*m + 22. Let q(n) be the first derivative of n**5/20 - n**3/6 + n**2 + 2*n + 3. Let k(j) be the first derivative of q(j). Give k(m).
8
Suppose -322*p + 51*p - 466 = 618. Let f(s) = 2*s**3 + s**2 + 8*s + 10. What is f(p)?
-134
Let a be (-6 - -39)*(-3 + 30/9). Let x(q) = 8*q**2 - 14*q**2 - 4*q + 8*q**2 - a - q**2. Give x(6).
1
Let x be (96/112)/((-1)/7) + 4. Let v(g) = 30*g + 13. Calculate v(x).
-47
Let g(a) be the second derivative of 1/12*a**4 + 0 - 9/2*a**2 - 1/3*a**3 + 2*a. Give g(5).
6
Let n be 2/(1/((-18)/4)). Let j(d) = 1608*d + 0 - 1617*d - d**2 + 5. Determine j(n).
5
Let h(m) be the first derivative of -m**4/4 + 8*m**3/3 + 3*m**2/2 - 11*m - 202. Determine h(9).
-65
Let h be (-1 + 3)/(2/4). Suppose 0 = 5*i + 4*a + 84, -2*a - 34 = 2*i - 0*a. Let m(u) = u + 7. Let o(l) = -6*l - 36. Let n(p) = i*m(p) - 3*o(p). Calculate n(h).
4
Let j(r) = -4*r + 1. Suppose -20 = o + 304. Let q = -328 - o. Calculate j(q).
17
Let j(b) = 3*b + 1. Let i = 19 + -26. Let a = 2 - i. Suppose 15 = -3*f + a. What is j(f)?
-5
Suppose 2*a = 4 - 0. Suppose -12 = -6*l + a*l, 12 = q + l. Suppose 15*f = q*f + 48. Let m(p) = p**2 - 8*p + 4. What is m(f)?
4
Let m(o) = -2*o - 1 + 1. Suppose 15*p - 448 + 73 = 0. Let a be -1 - 3/(-5) - 40/p. Determine m(a).
4
Let s(p) = -p**3 - 9*p**2 - 9*p. Let b(w) be the third derivative of -w**4/2 + 56*w**3/3 - 47*w**2. Let t be b(10). Calculate s(t).
8
Suppose -79 = 6*z + 23. Let c(u) = -u - 21. Let y be c(z). Let j be -5 + (y - 1 - -4). Let a(p) = p**2 + 3*p - 6. What is a(j)?
12
Suppose -5*i + 3 - 8 = 0. Let r(k) be the first derivative of k**3/3 - k**2 - 2341. What is r(i)?
3
Let z(h) = h**3 + h**2 - 14. Let t(k) = -2*k - 58. Let o be t(-30). Let i be (-3)/18 + o/12. Determine z(i).
-14
Let u(c) = -2 + c - c**2 + 1 + 4 - 2*c. Let p(j) = 11*j - 96. Let v be p(9). Determine u(v).
-9
Let b(y) = -9 + 16 - 7 - 2*y. Let k(l) = -14*l - 365. Let p be k(-26). What is b(p)?
2
Let d(n) = -129*n**3 + 69*n**3 + 59*n**3 - 4*n**2. Suppose 12 = 2*r - 5*r. Calculate d(r).
0
Let x(f) = -3*f**3 - 57*f**2 - f - 1. Let n be x(-19). Let w be -1 + (n/1)/(-3). Let j(g) = g**2 + 5*g + 5. Give j(w).
19
Let z(s) be the first derivative of -s**2/2 + 13*s + 1. Suppose -9 = -i + 27. Suppose -i = -3*k - k. Calculate z(k).
4
Let f(x) = -8*x + 1. Suppose -5*n + 10 = -3*n. Suppose 0*l - 5*l - 5 = -n*b, -20 = -5*b + 2*l. Suppose b*u - 16 = -4. Determine f(u).
-15
Let z(o) = -2*o**3 - 33*o**2 + 11*o - 105. Suppose -146 + 171 = -19*a - 298. What is z(a)?
-3
Let j(f) = f**3 - 16*f**2 + 14*f. Suppose 2*l - 4*k - 2 = 0, 0 = 2*l - 12*k + 15*k - 51. What is j(l)?
-15
Let o(v) = 27*v**3 + 10*v**2 - 24*v + 26. Let z(w) = 61*w**3 + 20*w**2 - 52*w + 51. Let g(q) = 9*o(q) - 4*z(q). What is g(9)?
39
Let m(p) = -p**2 - p + 1259. Let f be m(-36). Let d(a) = -37*a. Give d(f).
37
Let c = 335410 + -335411. Let s(o) be the first derivative of 33*o**4/4 + o**2 + o - 1. Determine s(c).
-34
Let q(u) = -3*u - 11. Let z(j) = 2*j + 6. Let x(w) = 3*q(w) + 5*z(w). Let m be (-48)/20*20/(-8). Let t(h) = h - 1. Let r be t(m). What is x(r)?
2
Let a(h) = h - 7. Suppose -2 = -5*u + 4*c, -2*u + 5*c - 4 = 2. Suppose u*r + 2*l - 145 = -l, 1 = -l. Let n = r - 67. Give a(n).
0
Let i(j) = -4*j + 67. Let b = 3513 - 3501. Determine i(b).
19
Let j(q) = -16*q - 65. Let f(a) = -3*a - 12. Let v(l) = 11*f(l) - 2*j(l). Suppose 5*r + 12 = 4*i - 6, 5*i - 10 = 0. Calculate v(r).
0
Suppose -x = 4*x - 3*j + 1, x = -j - 5. Let y(w) be the third derivative of -2*w**4/3 - w**3/3 - 34*w**2. Determine y(x).
30
Let w(u) = 2*u - 13. Let m be w(9). Suppose -8*v = -m*v - 3. Let t(s) = v + s + 0*s + s. What is t(5)?
11
Let y be -4*2*7/(-14). Let j(d) = d**3 - 7*d**2 + 8*d + 15. Calculate j(y).
-1
Let h(x) be the first derivative of -x**4/4 + 8*x**3/3 - 11*x**2/2 - 7*x - 3571. Give h(5).
13
Let b(r) = r**3 + 34*r**2 - 4*r - 134. Let v be b(-34). Let h be (-7 - (v - 1))/(20/(-10)). Let i(t) = -t**3 + 4*t**2 - 5. Give i(h).
-5
Let t(a) be the second derivative of -a**5/60 - a**4/6 + a**3/2 - 26*a**2 + 29*a. Let g(w) be the first derivative of t(w). What is g(3)?
-18
Let p(z) = 6*z - 2. Let q(t) = 6*t - 1. Let d(m) = 2*p(m) - 3*q(m). Let j(w) = 13*w + 3. Let a(v) = -9*d(v) - 4*j(v). What is a(5)?
7
Let n(h) be the first derivative of h**2 - 3*h + 64. Let g = -40 - -20. Let i be (-2)/(-8) - 55/g. What is n(i)?
3
Let d = -132 - -138. Let b(r) = -11*r - d*r + 18*r - 4*r**3 + r**2 + 2. Give b(-2).
36
Suppose 22 + 18 = -4*p. Let y(v) = -4*v**3 - 18*v**2 + 9*v + 15. Let u(j) = 13*j**3 + 57*j**2 - 26*j - 45. Let x(b) = -3*u(b) - 10*y(b). Give x(p).
5
Let n(f) be the third derivative of 7*f**5/60 - 7*f**4/24 + f**3 - f**2 - 8*f. Let b be n(1). Let c(h) = -2*h - 6. Give c(b).
-18
Let a(b) be the third derivative of b**5/60 - b**4/4 + 2*b**3/3 - 3262*b**2. Suppose 4*l + 2 = -2. Let u = 4 - l. What is a(u)?
-1
Suppose 400*a + 320*a - 158 = 1282. Let o(d) be the second derivative of d**4/6 - d**2 - d. Give o(a).
6
Let r(o) be the third derivative of -60*o**2 + 0 + 0*o + 2/3*o**3 + 7/60*o**5 - 1/120*o**6 - 1/8*o**4. What is r(7)?
-17
Let a be (5 - (-2 - -2))*(4 - 6). Let c(k) = 11 + 4*k - k - 2. What is c(a)?
-21
Let n(x) = -8*x**2 + 47*x + 76. Let o(m) = 25*m**2 - 148*m - 227. Let z(d) = 19*n(d) + 6*o(d). Give z(8).
-6
Let j be 1/(5 + -4) + (2 - -3 - 3). Let v(k) be the third derivative of 0 + 0*k - 1/2*k**j + 1/24*k**4 + 1/60*k**5 - 11*k**2. What is v(0)?
-3
Let h(q) = -q**3 + 6*q**2 + 8. Let f(p) = p